the remainder when 225909 is divided by 56473.
17
Calculate the remainder when 111561 is divided by 6969.
57
What is the remainder when 111681 is divided by 23?
16
What is the remainder when 134604 is divided by 922?
914
Calculate the remainder when 7782 is divided by 216.
6
What is the remainder when 21054 is divided by 16?
14
What is the remainder when 6426 is divided by 183?
21
Calculate the remainder when 12558 is divided by 3031.
434
Calculate the remainder when 6953 is divided by 2311.
20
What is the remainder when 704574 is divided by 60?
54
What is the remainder when 2612 is divided by 328?
316
Calculate the remainder when 102683 is divided by 597.
596
What is the remainder when 25361 is divided by 302?
295
Calculate the remainder when 16261 is divided by 325.
11
What is the remainder when 9193 is divided by 800?
393
Calculate the remainder when 13907 is divided by 1851.
950
Calculate the remainder when 3176 is divided by 3065.
111
What is the remainder when 24454 is divided by 302?
294
What is the remainder when 852479 is divided by 4?
3
What is the remainder when 6878 is divided by 1666?
214
Calculate the remainder when 292053 is divided by 172.
169
What is the remainder when 356234 is divided by 127?
126
What is the remainder when 205066 is divided by 138?
136
What is the remainder when 1925 is divided by 90?
35
What is the remainder when 15099 is divided by 15089?
10
Calculate the remainder when 266676 is divided by 249.
246
What is the remainder when 203167 is divided by 112?
111
What is the remainder when 4956591 is divided by 538?
535
Calculate the remainder when 28750 is divided by 9580.
10
Calculate the remainder when 39345 is divided by 17.
7
Calculate the remainder when 187019 is divided by 20.
19
What is the remainder when 61411 is divided by 30699?
13
Calculate the remainder when 153375 is divided by 9.
6
What is the remainder when 90950 is divided by 36?
14
Calculate the remainder when 300080 is divided by 273.
53
What is the remainder when 60555 is divided by 992?
43
Calculate the remainder when 1784 is divided by 8.
0
What is the remainder when 3673 is divided by 38?
25
Calculate the remainder when 7784 is divided by 211.
188
What is the remainder when 826778 is divided by 556?
6
Calculate the remainder when 104095 is divided by 31.
28
What is the remainder when 673 is divided by 651?
22
Calculate the remainder when 702 is divided by 52.
26
What is the remainder when 3669 is divided by 391?
150
Calculate the remainder when 38728 is divided by 113.
82
Calculate the remainder when 69611 is divided by 1141.
10
What is the remainder when 8395 is divided by 643?
36
Calculate the remainder when 17282 is divided by 4272.
194
Calculate the remainder when 1432 is divided by 23.
6
What is the remainder when 891 is divided by 146?
15
Calculate the remainder when 9229 is divided by 280.
269
Calculate the remainder when 3212 is divided by 965.
317
Calculate the remainder when 18221 is divided by 9103.
15
What is the remainder when 36640 is divided by 1309?
1297
Calculate the remainder when 14202 is divided by 14199.
3
Calculate the remainder when 2502 is divided by 424.
382
What is the remainder when 1269 is divided by 1036?
233
What is the remainder when 242566 is divided by 382?
378
What is the remainder when 59171 is divided by 4223?
49
Calculate the remainder when 551 is divided by 135.
11
What is the remainder when 1421197 is divided by 1360?
1357
Calculate the remainder when 58927 is divided by 29458.
11
What is the remainder when 26007 is divided by 17?
14
What is the remainder when 98863 is divided by 167?
166
Calculate the remainder when 5109 is divided by 666.
447
What is the remainder when 582 is divided by 43?
23
What is the remainder when 376658 is divided by 5?
3
What is the remainder when 25305 is divided by 18?
15
Calculate the remainder when 54928 is divided by 10984.
8
Calculate the remainder when 1922 is divided by 353.
157
What is the remainder when 3477 is divided by 486?
75
What is the remainder when 2590 is divided by 48?
46
What is the remainder when 8999 is divided by 2993?
20
Calculate the remainder when 6872 is divided by 270.
122
Calculate the remainder when 3142 is divided by 47.
40
Calculate the remainder when 4060 is divided by 14.
0
Calculate the remainder when 31666 is divided by 68.
46
Calculate the remainder when 154754 is divided by 43.
40
What is the remainder when 32048 is divided by 2135?
23
What is the remainder when 11808 is divided by 472?
8
What is the remainder when 1099 is divided by 637?
462
Calculate the remainder when 59927 is divided by 65.
62
What is the remainder when 5033 is divided by 161?
42
Calculate the remainder when 133322 is divided by 151.
140
What is the remainder when 420793 is divided by 21?
16
What is the remainder when 4169 is divided by 4149?
20
Calculate the remainder when 48349 is divided by 11.
4
Calculate the remainder when 6505 is divided by 49.
37
Calculate the remainder when 133286 is divided by 133285.
1
What is the remainder when 37077 is divided by 6157?
135
Calculate the remainder when 8783 is divided by 8771.
12
What is the remainder when 2769195 is divided by 115?
110
What is the remainder when 3949 is divided by 1899?
151
What is the remainder when 32619 is divided by 25?
19
What is the remainder when 14684 is divided by 4386?
1526
What is the remainder when 218212 is divided by 18?
16
Calculate the remainder when 1404 is divided by 232.
12
What is the remainder when 11181 is divided by 167?
159
What is the remainder when 1467 is divided by 69?
18
What is the remainder when 718 is divided by 381?
337
Calculate the remainder when 1388 is divided by 300.
188
Calculate the remainder when 35342 is divided by 49.
13
What is the remainder when 10658 is divided by 50?
8
What is the remainder when 76118 is divided by 46?
34
Calculate the remainder when 201 is divided by 4.
1
What is the remainder when 5213 is divided by 5?
3
What is the remainder when 58126 is divided by 323?
309
What is the remainder when 17873 is divided by 3571?
18
Calculate the remainder when 1271 is divided by 732.
539
Calculate the remainder when 51923 is divided by 25942.
39
What is the remainder when 6999 is divided by 731?
420
Calculate the remainder when 2396 is divided by 2330.
66
What is the remainder when 122361 is divided by 59?
54
Calculate the remainder when 257503 is divided by 46.
41
Calculate the remainder when 1759 is divided by 11.
10
Calculate the remainder when 26218 is divided by 5242.
8
Calculate the remainder when 817728 is divided by 21.
9
What is the remainder when 1688519 is divided by 1081?
1078
What is the remainder when 26037 is divided by 469?
242
What is the remainder when 69536 is divided by 732?
728
Calculate the remainder when 12198 is divided by 4056.
30
Calculate the remainder when 409637 is divided by 41.
6
Calculate the remainder when 1310 is divided by 207.
68
Calculate the remainder when 39438 is divided by 1312.
78
What is the remainder when 4281 is divided by 63?
60
Calculate the remainder when 2037706 is divided by 1284.
1282
Calculate the remainder when 13008 is divided by 380.
88
Calculate the remainder when 5089 is divided by 780.
409
What is the remainder when 21633 is divided by 117?
105
What is the remainder when 58013 is divided by 21?
11
Calculate the remainder when 20683 is divided by 6.
1
What is the remainder when 31851 is divided by 6333?
186
Calculate the remainder when 18657 is divided by 123.
84
What is the remainder when 275125 is divided by 338?
331
Calculate the remainder when 219742 is divided by 619.
616
What is the remainder when 3832 is divided by 477?
16
Calculate the remainder when 30373 is divided by 1779.
130
What is the remainder when 3834 is divided by 256?
250
Calculate the remainder when 36876 is divided by 997.
984
What is the remainder when 16850 is divided by 156?
2
What is the remainder when 153 is divided by 70?
13
What is the remainder when 16398 is divided by 2043?
54
What is the remainder when 56875 is divided by 1538?
1507
Calculate the remainder when 3340 is divided by 657.
55
Calculate the remainder when 8863 is divided by 638.
569
What is the remainder when 28454 is divided by 9109?
1127
What is the rema